{"id":14,"date":"2026-02-02T15:44:01","date_gmt":"2026-02-02T14:44:01","guid":{"rendered":"https:\/\/etudiant1.webuco.fr\/?page_id=14"},"modified":"2026-03-02T17:30:31","modified_gmt":"2026-03-02T16:30:31","slug":"emma-sarpienami","status":"publish","type":"page","link":"https:\/\/etudiant1.webuco.fr\/index.php\/les-artistes\/emma-sarpienami\/","title":{"rendered":"Emma Sarpienami"},"content":{"rendered":"\n<div class=\"gb-element-61b14819 alignfull\">\n<h1 class=\"gb-text gb-text-2a67ccc4\">Emma Sarpienami<\/h1>\n<\/div>\n\n\n\n<div class=\"gb-element-1c578c6f\">\n<div>\n<img loading=\"lazy\" decoding=\"async\" width=\"860\" height=\"1147\" class=\"gb-media-56ecbbc7\" alt=\"\" title=\"Cauliflower\" src=\"https:\/\/etudiant1.webuco.fr\/wp-content\/uploads\/2026\/03\/Cauliflower.jpg\" srcset=\"https:\/\/etudiant1.webuco.fr\/wp-content\/uploads\/2026\/03\/Cauliflower.jpg 860w, https:\/\/etudiant1.webuco.fr\/wp-content\/uploads\/2026\/03\/Cauliflower-225x300.jpg 225w, https:\/\/etudiant1.webuco.fr\/wp-content\/uploads\/2026\/03\/Cauliflower-768x1024.jpg 768w\" sizes=\"auto, (max-width: 860px) 100vw, 860px\" \/>\n\n\n\n<h3 class=\"gb-text\">Emma Sarpaniemi<\/h3>\n<\/div>\n\n\n\n<div>\n<img loading=\"lazy\" decoding=\"async\" width=\"800\" height=\"1066\" class=\"gb-media-92a87b34\" alt=\"\" title=\"crayon-sarpaniemi\" src=\"https:\/\/etudiant1.webuco.fr\/wp-content\/uploads\/2026\/03\/crayon-sarpaniemi.jpg\" srcset=\"https:\/\/etudiant1.webuco.fr\/wp-content\/uploads\/2026\/03\/crayon-sarpaniemi.jpg 800w, https:\/\/etudiant1.webuco.fr\/wp-content\/uploads\/2026\/03\/crayon-sarpaniemi-225x300.jpg 225w, https:\/\/etudiant1.webuco.fr\/wp-content\/uploads\/2026\/03\/crayon-sarpaniemi-768x1023.jpg 768w\" sizes=\"auto, (max-width: 800px) 100vw, 800px\" \/>\n<\/div>\n\n\n\n<div>\n<img loading=\"lazy\" decoding=\"async\" width=\"819\" height=\"1024\" class=\"gb-media-40ac2425\" alt=\"\" title=\"emma-sarpaniemi-self-portrait-as-cindy-fisheye-819x1024\" src=\"https:\/\/etudiant1.webuco.fr\/wp-content\/uploads\/2026\/03\/emma-sarpaniemi-self-portrait-as-cindy-fisheye-819x1024-1.jpg\" srcset=\"https:\/\/etudiant1.webuco.fr\/wp-content\/uploads\/2026\/03\/emma-sarpaniemi-self-portrait-as-cindy-fisheye-819x1024-1.jpg 819w, https:\/\/etudiant1.webuco.fr\/wp-content\/uploads\/2026\/03\/emma-sarpaniemi-self-portrait-as-cindy-fisheye-819x1024-1-240x300.jpg 240w, https:\/\/etudiant1.webuco.fr\/wp-content\/uploads\/2026\/03\/emma-sarpaniemi-self-portrait-as-cindy-fisheye-819x1024-1-768x960.jpg 768w\" sizes=\"auto, (max-width: 819px) 100vw, 819px\" \/>\n<\/div>\n<\/div>\n\n\n\n<div class=\"gb-element-fea41e17\">\n<div class=\"gb-element-d34a16a4\"><\/div>\n\n\n\n<div>\n<p>Emma Sarpaniemi est une photographe et artiste visuelle finlandaise. Connue pour ses images vibrantes et oniriques, elle explore des th\u00e9matiques autour de l\u2019identit\u00e9, de la f\u00e9minit\u00e9, et des relations humaines. Son travail m\u00e9lange souvent des \u00e9l\u00e9ments d\u2019autoportrait et de mise en sc\u00e8ne, cr\u00e9ant des compositions visuelles \u00e0 la fois intimes et th\u00e9\u00e2trales.<\/p>\n\n\n\n<p>Son approche artistique se distingue par l\u2019utilisation de la couleur, la gestuelle et une esth\u00e9tique narrative o\u00f9 chaque photo raconte une histoire, souvent centr\u00e9e sur les \u00e9motions et les exp\u00e9riences personnelles. Ses \u0153uvres sont souvent per\u00e7ues comme un dialogue entre la r\u00e9alit\u00e9 et la fiction, jouant sur des aspects surr\u00e9alistes et symboliques.<\/p>\n\n\n\n<p>Emma Sarpaniemi a particip\u00e9 \u00e0 plusieurs expositions \u00e0 l\u2019international et a gagn\u00e9 en reconnaissance dans le domaine de la photographie contemporaine gr\u00e2ce \u00e0 son regard unique sur des th\u00e8mes profond\u00e9ment humains.<\/p>\n<\/div>\n<\/div>\n","protected":false},"excerpt":{"rendered":"<p>Emma Sarpienami Emma Sarpaniemi Emma Sarpaniemi est une photographe et artiste visuelle finlandaise. Connue pour ses images vibrantes et oniriques, elle explore des th\u00e9matiques autour de l\u2019identit\u00e9, de la f\u00e9minit\u00e9, et des relations humaines. Son travail m\u00e9lange souvent des \u00e9l\u00e9ments d\u2019autoportrait et de mise en sc\u00e8ne, cr\u00e9ant des compositions visuelles \u00e0 la fois intimes et &#8230; <a title=\"Emma Sarpienami\" class=\"read-more\" href=\"https:\/\/etudiant1.webuco.fr\/index.php\/les-artistes\/emma-sarpienami\/\" aria-label=\"Read more about Emma Sarpienami\">Read more<\/a><\/p>\n","protected":false},"author":1,"featured_media":0,"parent":12,"menu_order":0,"comment_status":"closed","ping_status":"closed","template":"","meta":{"footnotes":""},"class_list":["post-14","page","type-page","status-publish"],"_links":{"self":[{"href":"https:\/\/etudiant1.webuco.fr\/index.php\/wp-json\/wp\/v2\/pages\/14","targetHints":{"allow":["GET"]}}],"collection":[{"href":"https:\/\/etudiant1.webuco.fr\/index.php\/wp-json\/wp\/v2\/pages"}],"about":[{"href":"https:\/\/etudiant1.webuco.fr\/index.php\/wp-json\/wp\/v2\/types\/page"}],"author":[{"embeddable":true,"href":"https:\/\/etudiant1.webuco.fr\/index.php\/wp-json\/wp\/v2\/users\/1"}],"replies":[{"embeddable":true,"href":"https:\/\/etudiant1.webuco.fr\/index.php\/wp-json\/wp\/v2\/comments?post=14"}],"version-history":[{"count":11,"href":"https:\/\/etudiant1.webuco.fr\/index.php\/wp-json\/wp\/v2\/pages\/14\/revisions"}],"predecessor-version":[{"id":73,"href":"https:\/\/etudiant1.webuco.fr\/index.php\/wp-json\/wp\/v2\/pages\/14\/revisions\/73"}],"up":[{"embeddable":true,"href":"https:\/\/etudiant1.webuco.fr\/index.php\/wp-json\/wp\/v2\/pages\/12"}],"wp:attachment":[{"href":"https:\/\/etudiant1.webuco.fr\/index.php\/wp-json\/wp\/v2\/media?parent=14"}],"curies":[{"name":"wp","href":"https:\/\/api.w.org\/{rel}","templated":true}]}}

<div class="gb-element-61b14819 alignfull">
<h1 class="gb-text gb-text-2a67ccc4">Emma Sarpienami</h1>
</div>



<div class="gb-element-1c578c6f">
<div>
<img loading="lazy" decoding="async" width="860" height="1147" class="gb-media-56ecbbc7" alt="" title="Cauliflower" src="https://etudiant1.webuco.fr/wp-content/uploads/2026/03/Cauliflower.jpg" srcset="https://etudiant1.webuco.fr/wp-content/uploads/2026/03/Cauliflower.jpg 860w, https://etudiant1.webuco.fr/wp-content/uploads/2026/03/Cauliflower-225x300.jpg 225w, https://etudiant1.webuco.fr/wp-content/uploads/2026/03/Cauliflower-768x1024.jpg 768w" sizes="auto, (max-width: 860px) 100vw, 860px" />



<h3 class="gb-text">Emma Sarpaniemi</h3>
</div>



<div>
<img loading="lazy" decoding="async" width="800" height="1066" class="gb-media-92a87b34" alt="" title="crayon-sarpaniemi" src="https://etudiant1.webuco.fr/wp-content/uploads/2026/03/crayon-sarpaniemi.jpg" srcset="https://etudiant1.webuco.fr/wp-content/uploads/2026/03/crayon-sarpaniemi.jpg 800w, https://etudiant1.webuco.fr/wp-content/uploads/2026/03/crayon-sarpaniemi-225x300.jpg 225w, https://etudiant1.webuco.fr/wp-content/uploads/2026/03/crayon-sarpaniemi-768x1023.jpg 768w" sizes="auto, (max-width: 800px) 100vw, 800px" />
</div>



<div>
<img loading="lazy" decoding="async" width="819" height="1024" class="gb-media-40ac2425" alt="" title="emma-sarpaniemi-self-portrait-as-cindy-fisheye-819x1024" src="https://etudiant1.webuco.fr/wp-content/uploads/2026/03/emma-sarpaniemi-self-portrait-as-cindy-fisheye-819x1024-1.jpg" srcset="https://etudiant1.webuco.fr/wp-content/uploads/2026/03/emma-sarpaniemi-self-portrait-as-cindy-fisheye-819x1024-1.jpg 819w, https://etudiant1.webuco.fr/wp-content/uploads/2026/03/emma-sarpaniemi-self-portrait-as-cindy-fisheye-819x1024-1-240x300.jpg 240w, https://etudiant1.webuco.fr/wp-content/uploads/2026/03/emma-sarpaniemi-self-portrait-as-cindy-fisheye-819x1024-1-768x960.jpg 768w" sizes="auto, (max-width: 819px) 100vw, 819px" />
</div>
</div>



<div class="gb-element-fea41e17">
<div class="gb-element-d34a16a4"></div>



<div>
<p>Emma Sarpaniemi est une photographe et artiste visuelle finlandaise. Connue pour ses images vibrantes et oniriques, elle explore des thématiques autour de l’identité, de la féminité, et des relations humaines. Son travail mélange souvent des éléments d’autoportrait et de mise en scène, créant des compositions visuelles à la fois intimes et théâtrales.</p>



<p>Son approche artistique se distingue par l’utilisation de la couleur, la gestuelle et une esthétique narrative où chaque photo raconte une histoire, souvent centrée sur les émotions et les expériences personnelles. Ses œuvres sont souvent perçues comme un dialogue entre la réalité et la fiction, jouant sur des aspects surréalistes et symboliques.</p>



<p>Emma Sarpaniemi a participé à plusieurs expositions à l’international et a gagné en reconnaissance dans le domaine de la photographie contemporaine grâce à son regard unique sur des thèmes profondément humains.</p>
</div>
</div>

<p>Emma Sarpienami Emma Sarpaniemi Emma Sarpaniemi est une photographe et artiste visuelle finlandaise. Connue pour ses images vibrantes et oniriques, elle explore des thématiques autour de l’identité, de la féminité, et des relations humaines. Son travail mélange souvent des éléments d’autoportrait et de mise en scène, créant des compositions visuelles à la fois intimes et &#8230; <a title="Emma Sarpienami" class="read-more" href="https://etudiant1.webuco.fr/index.php/les-artistes/emma-sarpienami/" aria-label="Read more about Emma Sarpienami">Read more</a></p>
